cd (base 15) in base 3?
-21001111
102a (base 15) to base 6
23451
6324 (base 7) to base 2
100010101111
What is -495 (base 12) in base 6?
-3105
Convert -699 (base 15) to base 9.
-2040
Convert -96 (base 15) to base 3.
-12020
Convert -22232013 (base 4) to base 15.
-d026
Convert 110011101111001 (base 2) to base 9.
40302
What is -33716 (base 12) in base 14?
-1ad10
What is 357 (base 11) in base 4?
12221
1051 (base 14) to base 8
5377
-65f (base 16) to base 7
-4520
-247 (base 9) to base 13
-12a
What is -23880 (base 13) in base 16?
-fe91
Convert 223310 (base 7) to base 14.
10607
Convert 13b0 (base 13) to base 6.
21103
-140142 (base 5) to base 4
-1120220
Convert -10031 (base 7) to base 4.
-211313
Convert 322130 (base 4) to base 6.
25152
What is -33524 (base 7) in base 4?
-2010233
110110101 (base 2) to base 9
535
What is -344 (base 14) in base 13?
-3ab
101111011110 (base 2) to base 8
5736
Convert 11110000110 (base 2) to base 5.
30201
-42b6 (base 14) to base 13
-532a
-22013 (base 8) to base 10
-9227
-17527 (base 10) to base 16
-4477
-2101211 (base 4) to base 5
-244232
What is 1000000100 (base 2) in base 5?
4031
Convert 2449 (base 11) to base 2.
110001111111
What is 444 (base 11) in base 6?
2244
Convert 43815 (base 10) to base 11.
2aa12
-3110 (base 8) to base 15
-723
Convert -317 (base 15) to base 4.
-22321
Convert 22040 (base 5) to base 7.
4301
-11100000 (base 2) to base 6
-1012
-101101 (base 2) to base 4
-231
-6423 (base 11) to base 2
-10000100101111
Convert -10045 (base 8) to base 16.
-1025
-57b5 (base 16) to base 12
-10bb1
What is -11101100010 (base 2) in base 5?
-30030
Convert 21021211 (base 3) to base 5.
132224
What is -442314 (base 5) in base 8?
-35746
Convert -c0c (base 14) to base 5.
-33424
Convert 5b8 (base 12) to base 6.
3552
What is -bed (base 16) in base 4?
-233231
214 (base 16) to base 8
1024
Convert 52374 (base 10) to base 4.
30302112
Convert -53000 (base 6) to base 8.
-15730
441 (base 15) to base 3
1022121
Convert 1615 (base 10) to base 3.
2012211
What is -1a9b (base 12) in base 16?
-cd7
What is -538 (base 13) in base 11?
-741
What is -3b10 (base 15) in base 9?
-18266
271 (base 9) to base 14
122
0 (base 8) to base 11
0
3256 (base 13) to base 15
211a
What is -290 (base 15) in base 8?
-1111
Convert 9eeb (base 16) to base 7.
226416
What is -458a (base 11) in base 10?
-6027
-1842 (base 10) to base 16
-732
What is -484 (base 9) in base 16?
-190
Convert 1cd3 (base 14) to base 9.
7217
Convert -158 (base 10) to base 9.
-185
Convert -7a05 (base 11) to base 2.
-10100100100100
What is 122222 (base 3) in base 15?
225
-111 (base 13) to base 3
-20210
4a02 (base 12) to base 15
271e
What is -8b43 (base 15) in base 6?
-344430
Convert -a084 (base 11) to base 7.
-54034
Convert -27 (base 8) to base 3.
-212
What is 1919 (base 12) in base 15?
d80
16977 (base 10) to base 6
210333
-1727 (base 9) to base 2
-10100101001
What is -2201111 (base 3) in base 13?
-b98
Convert -3640 (base 7) to base 8.
-2507
Convert -356 (base 15) to base 14.
-3c0
33031212 (base 4) to base 11
428a6
-7110 (base 10) to base 16
-1bc6
What is 211013 (base 4) in base 8?
4507
-16971 (base 11) to base 8
-56362
Convert 4848 (base 10) to base 6.
34240
What is 1743 (base 12) in base 13?
1365
Convert -8ab8 (base 12) to base 3.
-210010112
Convert 4030 (base 5) to base 11.
429
Convert 3c1 (base 16) to base 15.
441
-509 (base 14) to base 6
-4325
What is -4243 (base 5) in base 12?
-3b9
What is -d2d (base 16) in base 5?
-101443
What is 231 (base 7) in base 2?
1111000
101101110011111 (base 2) to base 6
300331
-1321 (base 11) to base 2
-11010110101
-325021 (base 7) to base 8
-157171
30134 (base 6) to base 15
1281
-641 (base 9) to base 2
-1000001011
What is -615 (base 9) in base 4?
-13310
Convert -12222200 (base 3) to base 13.
-1caa
Convert 1155 (base 10) to base 14.
5c7
40321 (base 5) to base 4
220122
What is 1000010000 (base 2) in base 3?
201120
What is 245d (base 14) in base 15?
1d3a
Convert -148 (base 9) to base 3.
-11122
What is -6204 (base 7) in base 16?
-870
Convert 1130331 (base 5) to base 12.
bba4
What is 10241 (base 5) in base 14?
37a
10253 (base 8) to base 11
322a
What is -41311 (base 5) in base 4?
-222102
Convert 651 (base 11) to base 6.
3342
30300 (base 4) to base 5
11231
What is 3441 (base 5) in base 12?
354
-18c (base 16) to base 9
-480
Convert -3102 (base 6) to base 12.
-492
What is -42041 (base 5) in base 11?
-209a
What is -101202 (base 3) in base 2?
-100100010
-1809 (base 15) to base 13
-248a
What is -461 (base 7) in base 15?
-10e
Convert -14197 (base 11) to base 5.
-1121232
Convert -2431 (base 6) to base 15.
-29a
Convert -43437 (base 9) to base 13.
-10147
-11301033 (base 4) to base 12
-11813
What is 5834 (base 9) in base 8?
10344
What is -20365 (base 7) in base 16?
-1384
Convert -1090 (base 11) to base 14.
-742
Convert -1633 (base 10) to base 15.
-73d
What is 20 (base 7) in base 12?
12
Convert -2151 (base 13) to base 4.
-1020111
-341 (base 12) to base 11
-3a8
20123 (base 5) to base 13
781
Convert 2a2 (base 14) to base 9.
653
-c530 (base 13) to base 11
-19521
Convert 7008 (base 13) to base 11.
10619
What is -11023 (base 6) in base 9?
-2076
What is 63053 (base 7) in base 4?
3301301
Convert 33311 (base 7) to base 16.
20c3
What is 3464 (base 16) in base 8?
32144
Convert -18201 (base 10) to base 5.
-1040301
What is 3240034 (base 5) in base 2?
1101100101011100
-aa (base 16) to base 13
-101
-1698 (base 11) to base 13
-ca6
What is -a56 (base 11) in base 5?
-20041
-234351 (base 7) to base 12
-20630
Convert 32034 (base 6) to base 16.
10f6
Convert -11123 (base 4) to base 11.
-296
Convert -1534 (base 7) to base 9.
-751
What is 22303 (base 6) in base 5?
100020
What is -2251 (base 6) in base 11?
-447
535 (base 8) to base 4
11131
What is -2832 (base 14) in base 15?
-2185
Convert -4064 (base 7) to base 15.
-648
c4 (base 15) to base 3
20211
What is 673 (base 10) in base 3?
220221
What is d3f (base 16) in base 10?
3391
Convert 1010200 (base 3) to base 2.
1100111100
Convert 1781 (base 10) to base 15.
7db
203524 (base 6) to base 16
400c
What is 1434 (base 11) in base 16?
73c
Convert -1100010110111000 (base 2) to base 12.
-25360
-1152 (base 6) to base 13
-18b
Convert -7844 (base 10) to base 4.
-1322210
What is 110121 (base 4) in base 11?
a87
Convert 2143 (base 7) to base 4.
23332
-2540 (base 10) to base 7
-10256
What is 3848 (base 9) in base 10?
2879
What is -51332 (base 8) in base 10?
-21210
What is 8e8 (base 15) in base 13?
bc3
What is -1150 (base 12) in base 6?
-12540
a1 (base 11) to base 6
303
14432 (base 5) to base 7
3423
-10112 (base 7) to base 4
-212123
101111110 (base 2) to base 14
1d4
361 (base 16) to base 2
1101100001
Convert 1614 (base 16) to base 8.
13024
cc29 (base 13) to base 7
145610
Convert -10616 (base 7) to base 9.
-3638
What is 1322120 (base 4) in base 12?
4648
950 (base 16) to base 3
10021022
11120012 (base 3) to base 5
101301
What is 2 (base 5) in base 11?
2
Convert -5033 (base 11) to base 8.
-15043
What is -22120 (base 3) in base 15?
-106
Convert -30013 (base 4) to base 13.
-478
254350 (base 6) to base 3
1011121010
Convert 1010010010 (base 2) to base 14.
350
What is 434 (base 5) in base 14?
87
What is -9a19 (base 15) in base 2?
-111111110001001
-240250 (base 6) to base 8
-50546
What is 1000001110 (base 2) in base 11?
439
What is -21340 (base 8) in base 14?
-337a
What is 100211120 (base 3) in base 14?
2882
-1200201 (base 3) to base 8
-2322
What is -7751 (base 8) in base 12?
-2435
Convert -11212000 (base 3) to base 5.
-103122
12122102 (base 4) to base 3
1100000112
Convert -2316 (base 8) to base 13.
-738
-4bc (base 16) to base 15
-55c
What is -352302 (base 6) in base 13?
-10a78
Convert -10110010000001 (base 2) to base 5.
-331033
What is 41424 (base 5) in base 16?
ab3
321b (base 16) to base 10
12827
What is -2542 (base 10) in base 2?
-100111101110
43014 (base 7) to base 15
3249
What is -504 (base 12) in base 14?
-39a
3458 (base 14) to base 8
21606
What is 2524 (base 8) in base 6?
10152
What is 7 (base 16) in base 10?
7
10221 (base 12) to base 16
5239
What is 5213 (base 8) in base 13?
12c8
What is 122011 (base 3) in base 10?
463
22422 (base 6) to base 12
1a12
What is 4240 (base 6) in base 7?
2541
Convert -40d (base 16) to base 10.
-1037
Convert -6358 (base 9) to base 14.
-19b8
Convert -595